7883277 prime?
False
Is 8800367951 composite?
True
Is 294787217 prime?
True
Is 335732269537 a composite number?
True
Is 67414019 a composite number?
True
Is 256847131 prime?
True
Is 5064946361 a composite number?
False
Is 464327731 a composite number?
True
Is 18109661 a composite number?
False
Is 108800437 a prime number?
True
Is 680516747 a composite number?
False
Is 1666683061 a composite number?
True
Is 27468234757 prime?
True
Is 138359069 composite?
False
Is 13926286807 prime?
True
Is 78831133 a prime number?
False
Is 59106859601 a composite number?
False
Is 2516436617 composite?
False
Is 824153573 a prime number?
False
Is 285270607 composite?
False
Is 130386118011 composite?
True
Is 201669372566 a composite number?
True
Is 657211199 composite?
True
Is 7502854826 a composite number?
True
Is 1447805497 composite?
False
Is 1269195153 a prime number?
False
Is 1002031741 a prime number?
True
Is 2772367241 composite?
True
Is 465856409 composite?
True
Is 4528118599 prime?
True
Is 23286438811 prime?
False
Is 321546179 composite?
False
Is 21094457369 a prime number?
True
Is 1293319919 a composite number?
True
Is 853684613 composite?
False
Is 10074123601 a prime number?
False
Is 2630408159 composite?
False
Is 583840469 composite?
True
Is 84142909427 prime?
False
Is 2800086257 prime?
False
Is 584110535 prime?
False
Is 8348869007 prime?
False
Is 2545378547 prime?
True
Is 4777654837 a prime number?
False
Is 478031207 prime?
True
Is 48909863 composite?
True
Is 302854861 a composite number?
True
Is 1393591007 composite?
True
Is 36349082281 a prime number?
True
Is 3948314801 prime?
False
Is 24728171591 composite?
False
Is 18424807361 prime?
False
Is 3910162393 prime?
True
Is 112427407747 a prime number?
True
Is 120741566059 a prime number?
False
Is 2845370797 composite?
False
Is 115683886 a prime number?
False
Is 2805542041 prime?
False
Is 91902278789 prime?
False
Is 21166229099 prime?
False
Is 17570677207 prime?
True
Is 17231936983 prime?
False
Is 3076644689 prime?
True
Is 228060271 composite?
False
Is 18955987 a prime number?
True
Is 1088391713 prime?
False
Is 8711722841 composite?
False
Is 283064852989 a prime number?
False
Is 22159100447 a prime number?
False
Is 2422742677 composite?
True
Is 45860400503 prime?
True
Is 7046941463 prime?
False
Is 45910171337 composite?
False
Is 35631462757 composite?
True
Is 423119101 a prime number?
True
Is 744128731 a composite number?
False
Is 2325163207 a composite number?
True
Is 132906043 prime?
False
Is 308539609 prime?
False
Is 1855112401 prime?
False
Is 6186489173 composite?
True
Is 1063524887 a composite number?
False
Is 10039307297 composite?
False
Is 61470305891 a prime number?
True
Is 7047568381 a prime number?
False
Is 2999047903 a composite number?
True
Is 9853953283 prime?
False
Is 529263179 a prime number?
False
Is 10011294983 composite?
False
Is 1812230971 prime?
False
Is 5377908827 prime?
False
Is 8226659267 prime?
True
Is 363740042931 prime?
False
Is 1412895791 composite?
False
Is 171988711 a composite number?
True
Is 5784451181 a composite number?
True
Is 65647919 composite?
False
Is 93008040721 composite?
False
Is 473188267 a composite number?
True
Is 1241393761 composite?
False
Is 733134049 prime?
True
Is 49807777 prime?
True
Is 1607786143 a composite number?
False
Is 14951257151 a composite number?
False
Is 123164035 a prime number?
False
Is 5692116929 prime?
True
Is 31477841 prime?
True
Is 504221393 composite?
True
Is 27850045217 a prime number?
True
Is 327528241 a prime number?
True
Is 3256034609 a prime number?
False
Is 18164262953 a composite number?
False
Is 3368606471 composite?
False
Is 657180071 prime?
True
Is 2510427401 composite?
True
Is 12536621189 prime?
True
Is 12969761711 a composite number?
True
Is 38776258321 a prime number?
True
Is 36844333079 a composite number?
False
Is 145111657 prime?
True
Is 16197736981 prime?
True
Is 486930491 prime?
False
Is 553353209 a prime number?
False
Is 9486642059 composite?
True
Is 56837866 composite?
True
Is 529423663 prime?
True
Is 189637171 a composite number?
True
Is 17611924607 prime?
False
Is 55630809361 prime?
True
Is 55857315499 a prime number?
False
Is 6282523217 a composite number?
True
Is 2803334759 a prime number?
False
Is 1238409763 composite?
True
Is 7694879 composite?
True
Is 125858993867 composite?
False
Is 5099940781 a prime number?
False
Is 872377027 prime?
True
Is 2000054501 prime?
False
Is 3621830339 prime?
True
Is 41896888871 a prime number?
True
Is 22773351539 composite?
True
Is 13541297111 a prime number?
False
Is 55029472507 composite?
True
Is 782368891 a prime number?
True
Is 168571007219 composite?
True
Is 505809281 composite?
False
Is 1819981561 a composite number?
True
Is 87277087 prime?
False
Is 6989123863 composite?
False
Is 29229926179 a prime number?
False
Is 248780923 composite?
False
Is 27801963907 a prime number?
True
Is 546064481 a prime number?
False
Is 1928371097 composite?
False
Is 28854303 prime?
False
Is 54921446297 a composite number?
True
Is 61247503553 prime?
True
Is 5843610139 composite?
True
Is 3439778333 a prime number?
False
Is 53340755719 a composite number?
False
Is 15240073973 a composite number?
False
Is 31803953623 prime?
False
Is 40054064513 prime?
False
Is 369411491 composite?
False
Is 8959829713 a prime number?
True
Is 3457962577 prime?
False
Is 9909190459 a composite number?
True
Is 83333364433 a composite number?
True
Is 2673977699 a prime number?
True
Is 521489867 prime?
True
Is 1352410049 a prime number?
True
Is 8264871311 a prime number?
True
Is 1061360182 a composite number?
True
Is 1097259641 composite?
True
Is 11012676739 a prime number?
False
Is 4765540951 prime?
False
Is 3837141391 a prime number?
True
Is 34738496537 a prime number?
False
Is 2524604963 prime?
True
Is 385496219 a composite number?
False
Is 2475896051 prime?
True
Is 173753451887 prime?
True
Is 5020446089 composite?
False
Is 112640393 prime?
False
Is 601117199 a composite number?
False
Is 1341782927 composite?
True
Is 466486009 composite?
True
Is 5977485749 a composite number?
True
Is 13917974249 a composite number?
False
Is 24798113863 a prime number?
False
Is 159327872983 a composite number?
False
Is 22546947251 a prime number?
True
Is 496661047 composite?
True
Is 2603962853 prime?
True
Is 28903079 composite?
False
Is 80668889329 composite?
True
Is 68192873921 prime?
False
Is 158716701973 prime?
True
Is 447912495607 composite?
False
Is 9991896941 composite?
True
Is 1187846029 a composite number?
True
Is 1657084717 a prime number?
True
Is 168495577687 prime?
False
Is 7126557583 prime?
False
Is 6191552129 composite?
True
Is 84696745957 prime?
True
Is 8075394359 a prime number?
True
Is 16540992947 a composite number?
False
Is 488777099 prime?
True
Is 6498009383 a composite number?
True
Is 4817127839 composite?
False
Is 62504825477 a composite number?
True
Is 35140690519 a composite number?
True
Is 505752119 a composite number?
False
Is 32251722891 a composite number?
True
Is 17283036479 a prime number?
False
Is 13187732149 composite?
True
Is 64755044591 composite?
True
Is 23936003705 prime?
False
Is 3214813507 prime?
True
Is 16229573953 composite?
True
Is 2174433377 a composite number?
True
Is 3194980573 composite?
False
Is 19119189949 a prime number?
False
Is 306651277 a prime number?
False
Is 486659549 composite?
False
Is 11032949627 a prime number?
False
Is 716666579 prime?
False
Is 8684341179 prime?
False
Is 1943969305 a composite number?
True
Is 31134491621 composite?
True
Is 65313551 a prime number?
True
Is 11219885701 prime?
True
Is 61725150535 a composite number?
True
Is 58615063901 a prime number?
False
Is 2298434711 a prime number?
False
Is 5476362967 prime?
False
Is 8544037081 composite?
True
Is 229304473 a composite number?
True
Is 805924679 a prime number?
False
Is 30108686189 prime?
True
Is 10181858893 a prime number?
False
Is 18337330015 a prime number?
False
Is 460927553 composite?
True
Is 3128366237 prime?
True
Is 2121125521 a composite number?
True
Is 120233676649 prime?
True
Is 1230269917 prime?
True
Is 13581946723 a composite number?
False
Is 31853959 prime?
False
Is 141014594029 composite?
True
Is 54489569 composite?
True
Is 3101238839 composite?
False
Is 3209185717 a prime number?
True
Is 31442